 - 10. Let i = 28 + -10. Let t be 61/9 - (-4)/i. Is z(t) composite?
True
Let a(f) = 17*f - 3. Suppose 0 = 2*t - 4*b - b + 45, 0 = 3*t + 3*b + 36. Let l be (-6)/t + (-8)/(-5). Is a(l) a composite number?
False
Let i = 1417 - -1344. Is i a composite number?
True
Let a(m) = m**3 - m**2 - m + 91. Suppose 3*p = -2*p. Suppose -w + 1 = 0, p*v - 4 = v - 4*w. Is a(v) a prime number?
False
Let u(r) = -4*r**3 - 2*r**2 - 2*r - 1. Let t be u(-1). Let v be (7/(-2))/(t/6). Is (-153)/(-21) + 2/v prime?
True
Let b = 5 - 12. Is (-929)/b + (-14)/(-49) a prime number?
False
Suppose 4*g - 1061 = 3*g. Is g a prime number?
True
Suppose 2*x - 4 + 0 = 0. Suppose -2*p = -x*s + 54, -86 = -2*s - 2*p - 32. Suppose 4*t = 3*j + s, -4*j = 2*t + 15 - 1. Is t a composite number?
False
Let f = 27 - -10. Is f composite?
False
Let b(v) = v - 8. Let n be b(6). Let z = 1 - n. Suppose 0 = -5*c - z*u + 16, -6 = 4*c + 2*u - 18. Is c prime?
True
Let n be (-1 - (-2)/2) + 3. Suppose -i - 28 = -n*i. Is i prime?
False
Let g(n) = -10*n - 5. Suppose -9 = -3*p - 0. Let w be (p/6)/((-3)/36). Is g(w) prime?
False
Let r = -22 - -59. Is r a prime number?
True
Suppose -5*r + 3*u - 1 = -4, u - 4 = 0. Let q(j) = -6*j**3 - j**2 + j + 3. Let w(f) = f**3 + f**2 - 1. Let d(b) = q(b) + 5*w(b). Is d(r) a prime number?
False
Suppose -44*h + 48*h - 524 = 0. Is h a prime number?
True
Let j(t) = 3*t + 12. Let m(r) = r. Let a(g) = -2*j(g) + 2*m(g). Let q(f) = f + 6. Let v(w) = 2*a(w) + 9*q(w). Is v(-3) a prime number?
True
Let x = 1 + 24. Suppose x = -5*r - 5*w, -4*r + 5*r - 5*w = 25. Let o(k) = -k**3 - k**2 - k + 26. Is o(r) prime?
False
Let p(o) = -934*o - 17. Is p(-3) a prime number?
False
Let c = -152 + 105. Let s = c - -86. Is s composite?
True
Suppose -2*m + s = -2*s - 229, 0 = -2*s + 6. Is m prime?
False
Suppose 4*z - 21 + 5 = 0. Let r = z - 9. Let t(c) = 6*c**2 + 8*c + 5. Is t(r) prime?
False
Suppose 30*d - 28*d - 5466 = 0. Is d a composite number?
True
Let k = -116 + 70. Let h = k - -71. Is h prime?
False
Let b = 74 - -243. Is b prime?
True
Let u(f) = -4*f. Let n be u(-1). Let r = -2 + n. Is 0 + 0 + 8/r a composite number?
True
Suppose 0 = -3*q - 3, 0 = 4*n - 5*q - 20 + 3. Let r be (1/2)/(n/12). Suppose -5*x - 10 = 0, 0 = -2*v + 7*x - r*x + 28. Is v composite?
True
Let g be 3/6 - 7/(-2). Suppose -g*f - 4*x - 13 = -9*x, -5*x = 15. Is 1/(2/(-10))*f composite?
True
Suppose -52 = t + 2*z - 187, 3*t - 5*z - 361 = 0. Is t a composite number?
False
Suppose -6*l + l = -2*r + 47, 0 = 5*r - 5*l - 80. Suppose 3*k = 3*o - 12, 2*o + 40 = 6*o + 2*k. Let t = r - o. Is t a composite number?
False
Let j = -1 + 6. Suppose 2*g = 5*l + 88, 7*g - j*l - 176 = 3*g. Suppose 0 = -3*n + 121 + g. Is n a composite number?
True
Let y(z) = z**2 - 7*z + 8. Let m be y(6). Let w be m - 3*2*7. Let g = 95 + w. Is g a prime number?
False
Let j(o) = -2*o. Let a be j(-1). Suppose -17 = -a*f - 5. Is f a composite number?
True
Is (39 - 0 - -2)*3 a prime number?
False
Suppose -11614 - 13844 = -3*n. Is 2/8 - n/(-8) a composite number?
False
Suppose -2*o - 1169 = -4411. Is o a prime number?
True
Suppose 55*s + 12866 = 57*s. Is s a composite number?
True
Suppose -7*m = -11*m + 868. Is m a composite number?
True
Let f = -17 + 12. Let x = f + 31. Is x a prime number?
False
Suppose -2*p = 2*p - 12. Let a(l) = 3*l**3 + l - 2*l**3 - 1 + l**2 - p*l. Is a(2) a composite number?
False
Let l(z) = 27*z**2 - z + 3. Let a be l(3). Suppose 15*o + 48 = 11*o. Is o/(-42) + a/7 a prime number?
False
Let u(i) = -7*i + 2 + 0 - i**3 + 3*i. Is u(-4) composite?
True
Let g = 7 - 4. Suppose -v - 776 + 206 = -g*m, 4*m = 4*v + 752. Is m a prime number?
True
Suppose 2*c + p = 1187, -3*c + 1128 = -5*p - 620. Is c prime?
False
Suppose 4*t = 60 - 4. Is t*(-2)/(-8)*6 composite?
True
Let v be (-1 + -2)*2/(-3). Suppose -q + 19 = 5*i, i + v*q - 6*q = -13. Suppose -c + 340 = i*c. Is c composite?
True
Suppose -3*m = -7*m - 12. Let b(w) = -3*w**3 + 5*w**2 + 2*w + 1. Is b(m) prime?
False
Suppose -176 = -2*c - 3*m + 2*m, 0 = 5*m + 10. Let l(z) = -z**2 + 2*z. Let u be l(2). Suppose u = -0*w - w + c. Is w prime?
True
Suppose t - 5*t = 0. Suppose 0 = 5*w - t*w - 815. Is w a prime number?
True
Is (1583/(-2) - 4)*-2 prime?
False
Suppose 0 = 2*w + 5 - 3, 0 = 5*o + 5*w + 30. Let n = 0 - o. Suppose -n*j = -3*j - 382. Is j composite?
False
Suppose 0 = 3*t + a - 671, 4*t - 2*a - 878 = -0*t. Suppose -4*j + 86 + t = 0. Is j composite?
True
Let q(b) = 11*b**3 - 15*b**2 + b + 12. Let t(o) = 5*o**3 - 7*o**2 + 6. Let r(m) = 4*q(m) - 9*t(m). Let p be r(4). Is 2/p - 21/(-9) prime?
True
Let b = -1044 + 2229. Suppose 5*q + 0*q = b. Suppose -2*m = -3*d + q, -12 = d - 3*m - 91. Is d a composite number?
False
Suppose -5*h - 4*x + 2597 = 0, -4*h - 3*x + 2*x + 2071 = 0. Is h prime?
False
Let k(j) = -40*j + 33. Let m be k(5). Let u(g) = 56*g - 2. Let h be u(-2). Let b = h - m. Is b a composite number?
False
Suppose z + 318 = 2*b - 3*z, -b + 159 = 2*z. Is b a prime number?
False
Let m be (-8)/10*-1*5. Suppose 0 = -v - m*z + 71, -v - 3*z = -5*z - 65. Is v a composite number?
False
Let y = 2355 + -1540. Is y prime?
False
Let z = 915 + -332. Is z composite?
True
Suppose -x + 1121 = -0*x. Suppose -x = -3*a + 4*i, -2*a + a + 369 = i. Is a prime?
False
Is 214 + (-10 - -3 - -4) a prime number?
True
Let f(g) = 41*g + 5. Let q be f(-3). Let s = -23 - q. Is s a prime number?
False
Let i be 0/((-1)/(1/2)). Is -2 + (11 - i)*1 composite?
True
Suppose m + 0*m = 4. Suppose -2*s + 317 = 3*g, m*s + 3*g = 2*g + 629. Is s a composite number?
False
Let z(n) = 4*n - 13. Is z(7) prime?
False
Suppose 5*s - n + 40 = 0, 0*n = 3*s - 4*n + 7. Let v(q) = q**3 + 11*q**2 + 12*q + 13. Is v(s) prime?
True
Suppose -4*r = 4*h, 7*r = 4*r - h + 8. Suppose 10*b - 150 = r*b. Is b prime?
False
Suppose -5*p - 5*b + 1050 = 0, 3*b + 3 = -0*b. Is p a composite number?
False
Let t(d) = -3*d**3 + 3*d**2 - 4*d + 1. Let q(j) = j**3 - 10*j**2 - j + 7. Let y be q(10). Is t(y) a prime number?
False
Let c be 2/1*(-8 + -66). Let r = 57 - c. Suppose -229 = d - 2*d - 4*p, d = 4*p + r. Is d a prime number?
False
Suppose 8 = -s - 1. Is (6/s)/((-6)/873) prime?
True
Let h(g) be the third derivative of g**4/24 + 7*g**3/2 + 3*g**2. Is h(0) prime?
False
Let x = 5 + -4. Suppose -p = -x, 4 = 2*o + 3*p + 1. Suppose 4*a = -3*v + 274, -2*v + v + 2 = o. Is a composite?
False
Suppose 4*o + 8 = -3*s + 2*s, -3*s - 4*o = 0. Suppose n - s = -1. Suppose -2*j = -n*j + 2*z + 71, 3*j = 2*z + 225. Is j composite?
True
Let i(d) = 10*d + 5. Is i(9) prime?
False
Let s be 1182/10 + 13/(-65). Suppose s = -3*o + 895. Is o a composite number?
True
Suppose 4*p - 735 = -5*z, 4*p + 115 = z - 8. Suppose u - z = 68. Is u a composite number?
False
Let m = -1207 - -1886. Is m a composite number?
True
Let u = -600 - -869. Is u a composite number?
False
Let g(m) = m**3 - 4*m**2 + 9*m - 1. Let q(p) = 2*p**3 - 8*p**2 + 18*p - 3. Let l(t) = 5*g(t) - 2*q(t). Is l(7) composite?
False
Is (0 - -1) + 2 + 74 prime?
False
Let g(o) = -2*o**3 + 2*o**2 - 7. Is g(-3) a composite number?
True
Let u be 2/1 - 4*3. Let p = u - 4. Let w = 5 - p. Is w composite?
False
Let r = 1 - -2. Let w(k) = 3*k**3 - 5*k**2 + 5*k - 4. Is w(r) a prime number?
True
Let z(t) = 3*t**2 - 6*t + 5. Is z(-6) a prime number?
True
Suppose -3*c + 273 = -0*c. Is c prime?
False
Let g(x) = 7*x**3 + 2*x**2 - 3*x + 2. Let w be g(3). Suppose 4*m + w = 2*m. Let h = -54 - m. Is h a composite number?
True
Suppose 0 = 2*y - 5*v - 0*v, v = 2*y. Let b = 2 - y. Suppose 186 = 4*m + b*z + 3*z, 3*z + 6 = 0. Is m a composite number?
True
Suppose 4*n - 5*j = 1246, 4*n + 810 = -5*j + 2076. Is n a prime number?
False
Is (1/3)/((-25466)/(-6366) + -4) prime?
True
Suppose 0*k - 228 = -4*k. Is k prime?
False
Is 4770/4 + (-25)/(-50) a prime number?
True
Let l(g) = 2*g**2 + 24*g - 7. Is l(7) a prime number?
False
Let p be 10/4 - 2/4. Suppose p*o = -0*o + 398. Is o composite?
False
Suppose w + 3*h + 337 = 3*w, 3*h = -15. Is w composite?
True
Let a = 1457 + -810. Is a a composite number?
False
Let g = -3 - -8. Suppose -g*m + 1142 = 397. Is m composite?
False
Suppose 4*k - 7*k + 339 = 0. Suppose v = -4*l + 315, 0 = -2*l - 3*v + 42 + k. Is l a composite number?
False
Suppose 5*x = 6*x - 497. Is x composite?
True
Let q(j) = -12*j + 3. Let n be q(-2). Let t = n - 16. Is 